by b(64)?
25
Let r(i) = 2*i + 25. Let d(w) = 2*w**3 + 8*w**2 - 4*w + 1. Let g be d(-4). Suppose -g*v + 21*v = -32. What is the remainder when r(v) is divided by 4?
1
Let h(k) = k + 9. Let q be h(-5). Let a(r) = r**3 - 14*r**2 + 6*r - 76. Calculate the remainder when (35/4 + 3)*q is divided by a(14).
7
Let t(k) = k**3 + 4*k**2 - 4*k - 10. Let p(c) = -c**3 + 7*c**2 - 9*c + 9. Let u be p(6). Calculate the remainder when (-36)/(-2) + (-7 - u) is divided by t(-3).
9
Let k = 2771 + -2499. What is the remainder when k is divided by 64?
16
Suppose -n = 2*d - 18, n + 5*d = 29 + 1. Suppose -4*y = -3*h - 35, 3*y = 2*y + h + n. What is the remainder when 21 is divided by y?
1
Let i be (33/(-66))/(1/(-10064)). What is the remainder when 591 is divided by (-3*(-1)/(-2))/((-204)/i)?
36
Let i be 15 + 3 + (-1 - 1). Let g(q) = 57*q + 8. Let z be g(2). Suppose i*d + z = 18*d. Calculate the remainder when d is divided by 21.
19
What is the remainder when (8/(-6))/(-17 + 760395/44730) is divided by 56?
0
Suppose -5*y + 4*s + 5787 = 0, 0 = y - 34*s + 39*s - 1140. Calculate the remainder when y is divided by 43.
37
Let x be (1/1)/(-1 + 52/51). Suppose -3 = -6*t - x. Let q = 31 + t. What is the remainder when 44 is divided by q?
21
Suppose 20*t = -13*t + 1848. Calculate the remainder when 1845 is divided by t.
53
Suppose 4*a = -2*c + 1448, -1405 - 2155 = -5*c + 2*a. Calculate the remainder when 2171 is divided by c.
29
Let b = -10015 - -10152. Calculate the remainder when b is divided by 37.
26
Suppose -28 = 30*r + 5 - 303. Calculate the remainder when 140 is divided by r.
5
Suppose 4*q = -4*x - 8, -3*x + x - 16 = -2*q. Suppose 0 = 5*f - 43 + q. What is the remainder when f is divided by 5?
3
Let q(u) = u**3 + 2*u**2 - u - 7. Let o be q(-5). Suppose 792 = -101*f + 107*f. Let w = o + f. What is the remainder when w is divided by 7?
6
Let p(r) = -11 + 8 - r + 14 + 12. What is the remainder when p(2) is divided by 13?
8
Let z = 188 - 112. Let h = -34 + -3. Let m = z + h. Calculate the remainder when m is divided by 14.
11
What is the remainder when 4*207 + 135 + -145 is divided by 100?
18
Suppose -3*c = -4*j - 55, 45 = -93*c + 98*c - 2*j. Suppose -2*t - 5*n = -114, 5*t = -3*n + 8*n + 215. Calculate the remainder when t is divided by c.
2
Suppose -2*v + 2*n = -2094, -313*n = -317*n + 8. Calculate the remainder when v is divided by 14.
13
Let r(q) = -4*q**3 + 44*q**2 - 97*q + 1. What is the remainder when r(6) is divided by 21?
13
Let d = -77 + 81. Calculate the remainder when 44 - (8/d - -1)*-1 is divided by 15.
2
Let b = 11564 + -11539. What is the remainder when 237 is divided by b?
12
Let r be (-38)/(-57) - (-4)/3. Suppose r*x = 5*x - 66. What is the remainder when x is divided by 3?
1
Suppose 0 = -0*i - 4*i + 744. Let k = 595071 + -595055. Calculate the remainder when i is divided by k.
10
Let n = -2733 + 10111. What is the remainder when n is divided by 121?
118
Suppose -3*x - 15*w + 11*w - 37 = 0, -3*x - 43 = w. What is the remainder when 14 + x - 111*-1 is divided by 56?
54
Calculate the remainder when (-70)/(-60) - (-3290)/60 is divided by 21.
14
Let y(f) = -f**2 - 11*f + 19. Let s be y(-13). Calculate the remainder when 78 is divided by 19 + -15 + (-1 - s).
8
Suppose -22*j = -23*j + 16. Suppose -6 = i - j. What is the remainder when 18 is divided by i?
8
Let u(t) = -t**3 + 5*t**2 + 6*t - 9. Let m be u(5). Let d(j) = -j**3 + 22*j**2 - 18*j - 52. What is the remainder when 560 is divided by d(m)?
10
Suppose 3*i + 2*a = 1940, -17*a + 15 = -20*a. Calculate the remainder when i is divided by 178.
116
Let i be 44/(-55)*(-140)/8. Suppose -i*w + 15*w = -5*x + 632, -3*x + 378 = w. Calculate the remainder when x is divided by 29.
11
Let r = 237 + -217. Suppose -456 = -5*j - 3*x, -5*j - 5*x - r + 470 = 0. Let y(d) = -6*d - 1. What is the remainder when j is divided by y(-8)?
46
Suppose 46*r - 124*r + 22 = -820 + 140. Let a(p) = 5*p**2 + p - 2. Let t be a(-2). Calculate the remainder when (-6)/(3*(-2)/t) is divided by r.
7
Let v(h) = h**3 + 27*h**2 + 51*h + 43. Let n be v(-25). What is the remainder when 198 is divided by 716/n - 2*4/(-36)?
38
Let w be 2*242*(2 - 35/20). Suppose 19 = 4*g - u - w, 0 = 3*u. Calculate the remainder when g is divided by 8.
3
Suppose -z + 36 = -4*r, 3042*z - 3043*z - 2*r = 0. Calculate the remainder when 1554 is divided by z.
6
Suppose -q - 5*f + 298 = 0, 0 = -57*q + 56*q - 3*f + 292. What is the remainder when 913 is divided by q?
64
Let n be 1/(3/2)*-3. Let w(q) = 27*q + 657. What is the remainder when n - -1 - -25*1 is divided by w(-24)?
6
Suppose -28374*r + 28380*r = 12846. What is the remainder when r is divided by 712?
5
Let k(z) = 77*z**2 + 107*z + 39. Calculate the remainder when k(9) is divided by 142.
139
Suppose -4006*y - 98 = -4013*y. What is the remainder when 310 is divided by y?
2
Let u(h) = -40*h - 3462. Calculate the remainder when 1251 is divided by u(-87).
9
Suppose -55*v = 107*v - 4*v - 33022. Calculate the remainder when v is divided by 94.
21
Let y = -26487 - -26499. Suppose -j + 2*a + 131 = 0, 70 = j - a - 59. What is the remainder when j is divided by y?
7
Let r = -4 + 14. Suppose 3*q - 287 = 19*s - 20*s, -s + 190 = 2*q. What is the remainder when q is divided by r?
7
Suppose 4*q - 37*c = -32*c + 257, 3*q = 5*c + 199. Suppose -289 = q*u - 75*u. Calculate the remainder when 148 is divided by u.
12
Let a = 474 - -174. Calculate the remainder when a is divided by 71.
9
Let o = 196 - 126. Let h = 51 - 41. Suppose 2*w = x - h, 0 = -x + 3*w + 6. Calculate the remainder when o is divided by x.
16
Let o be 1/1*(-2 - 105/(-5)). Suppose -2*j = -35 - o. What is the remainder when 62 is divided by j?
8
Let b(x) = x**3 + 5*x**2 - 6*x - 27. Let u be b(-5). Suppose -u*l = 18 - 39. Calculate the remainder when 39 is divided by l*-6*(0 + 1)/(-2).
18
Let k = 4120 + -3214. Calculate the remainder when k is divided by 91.
87
Let i(h) = h**3 - 15*h**2 + 73*h - 186. Calculate the remainder when 2 - (-109 + 1 + 0) is divided by i(10).
22
Suppose -3251 = -85*c + 3889. Let m = -10 + 39. Calculate the remainder when c is divided by m.
26
Let o(m) = 18*m - 4. Let d be (-45)/(-30) + (-5)/(-2). Suppose t - 64 = -3*t - d*a, a + 41 = 2*t. Calculate the remainder when o(3) is divided by t.
12
Let i be (-12)/(-22) + (-27)/(-11). Suppose i*h + 0*h - 318 = 0. Calculate the remainder when h is divided by 29.
19
Let j = 1449 - 1217. Calculate the remainder when j is divided by 8.
0
Let h(w) = -w**3 - 28*w**2 - 34*w. Let l be h(-27). Let i = 257 - l. Calculate the remainder when i is divided by 13.
3
Suppose -12 = 3*l - 4*l. Let q be 2/l*1 + (-483)/(-126). Suppose -5*i + q*x + 97 = 0, -2*i + x + 25 = 4*x. What is the remainder when 32 is divided by i?
15
Let y(s) = -s**3 - 22*s**2 - 45*s + 43. What is the remainder when y(-20) is divided by 12?
11
Let b = -2735 + 2758. Suppose -3*s = -s - 268. Calculate the remainder when s is divided by b.
19
Let o(k) = k**3 + 76*k**2 + 1430*k - 94. What is the remainder when o(-39) is divided by 103?
1
Suppose -56 = 10*m - 86. Let c(d) = 13*d - 13. What is the remainder when 152 is divided by c(m)?
22
Let y(z) = -3*z**3 + 15*z**2 - 25*z + 86. What is the remainder when 746 is divided by y(4)?
32
Suppose 9*u = -1511 + 1862. Let b be (-66)/(-3)*1/(-2). Let m = u + b. Calculate the remainder when m is divided by 8.
4
Let u = 3797 + -3724. Calculate the remainder when 3355 is divided by u.
70
Suppose 2*y + 495 = w, 5*w - 179 = 2*y + 2280. Calculate the remainder when 503 is divided by w.
12
Let h(a) = a**3 - 10*a**2 - 230*a + 26. What is the remainder when 190 is divided by h(21)?
2
Suppose -29*h = -36*h - 28. Let b(f) = 19*f + 84. What is the remainder when 12 is divided by b(h)?
4
Suppose -1157 = -3*m + 2*w, 4*w = -52*m + 47*m + 1965. Calculate the remainder when m is divided by 41 + (-5 - (-18)/6).
38
Let h(v) = 22*v**2 + 5*v + 2. Let t(k) = -k**3 + 8*k**2 - 7*k - 2. Let m be t(7). Let c be h(m). What is the remainder when 7*1 - c/20 is divided by 2?
1
Let m(v) = -3*v**3 + v + 2. Let y be (-28)/(-56) + 622/(-4). Let r = y + 202. Calculate the remainder when r is divided by m(-2).
23
Let n(v) = 10 + 19*v**2 - 18*v**2 - 7*v + 2. Let s be n(7). Suppose 130 = -s*l + 346. What is the remainder when l is divided by 11?
7
Supp